{"id":33,"date":"2024-12-05T15:34:30","date_gmt":"2024-12-05T15:34:30","guid":{"rendered":"https:\/\/lumatic.hr\/?page_id=33"},"modified":"2025-10-31T07:59:35","modified_gmt":"2025-10-31T07:59:35","slug":"ponuda-usluge","status":"publish","type":"page","link":"https:\/\/lumatic.hr\/?page_id=33","title":{"rendered":"Ponuda &amp; Usluge"},"content":{"rendered":"\t\t<div data-elementor-type=\"wp-page\" data-elementor-id=\"33\" class=\"elementor elementor-33\" data-elementor-post-type=\"page\">\n\t\t\t\t<div class=\"elementor-element elementor-element-62bb3a3d e-con-full e-flex e-con e-parent\" data-id=\"62bb3a3d\" data-element_type=\"container\" data-e-type=\"container\">\n\t\t<div class=\"elementor-element elementor-element-619d4380 e-con-full e-flex e-con e-child\" data-id=\"619d4380\" data-element_type=\"container\" data-e-type=\"container\">\n\t\t<div class=\"elementor-element elementor-element-46bcac61 e-con-full e-flex e-con e-child\" data-id=\"46bcac61\" data-element_type=\"container\" data-e-type=\"container\">\n\t\t\t\t<div class=\"elementor-element elementor-element-7d9f75be elementor-widget elementor-widget-heading\" data-id=\"7d9f75be\" data-element_type=\"widget\" data-e-type=\"widget\" data-widget_type=\"heading.default\">\n\t\t\t\t<div class=\"elementor-widget-container\">\n\t\t\t\t\t<h1 class=\"elementor-heading-title elementor-size-default\">Najam, servis i odr\u017eavanje samoposlu\u017enih aparata <\/h1>\t\t\t\t<\/div>\n\t\t\t\t<\/div>\n\t\t\t\t<div class=\"elementor-element elementor-element-5f7be21c elementor-widget__width-initial elementor-invisible elementor-widget elementor-widget-text-editor\" data-id=\"5f7be21c\" data-element_type=\"widget\" data-e-type=\"widget\" data-settings=\"{&quot;_animation&quot;:&quot;fadeInDown&quot;}\" data-widget_type=\"text-editor.default\">\n\t\t\t\t<div class=\"elementor-widget-container\">\n\t\t\t\t\t\t\t\t\t<p>U LUMaticu nudimo kompletnu uslugu najma, odr\u017eavanja i servisa samoposlu\u017enih aparata za kavu, zajedno sa \u0161irokom ponudom zdravih snackova, klasi\u010dnih grickalica i slatkih zalogaja.<\/p><p>Bez obzira na to jeste li mali poduzetnik, velika tvrtka ili menad\u017eer poslovnog centra s velikom fluktuacijom ljudi, nudimo fleksibilne opcije najma koje se prilago\u0111avaju va\u0161im potrebama i prostoru.<\/p>\t\t\t\t\t\t\t\t<\/div>\n\t\t\t\t<\/div>\n\t\t\t\t<\/div>\n\t\t\t\t<div class=\"elementor-element elementor-element-1d87446a elementor-invisible elementor-widget elementor-widget-heading\" data-id=\"1d87446a\" data-element_type=\"widget\" data-e-type=\"widget\" data-settings=\"{&quot;_animation&quot;:&quot;fadeInUp&quot;}\" data-widget_type=\"heading.default\">\n\t\t\t\t<div class=\"elementor-widget-container\">\n\t\t\t\t\t<span class=\"elementor-heading-title elementor-size-default\">prilago\u0111ena rje\u0161enja<\/span>\t\t\t\t<\/div>\n\t\t\t\t<\/div>\n\t\t\t\t<\/div>\n\t\t<div class=\"elementor-element elementor-element-30e36ee7 e-con-full e-flex e-con e-child\" data-id=\"30e36ee7\" data-element_type=\"container\" data-e-type=\"container\" data-settings=\"{&quot;background_background&quot;:&quot;classic&quot;}\">\n\t\t\t\t<\/div>\n\t\t\t\t<\/div>\n\t\t<div class=\"elementor-element elementor-element-29827128 e-con-full e-flex e-con e-parent\" data-id=\"29827128\" data-element_type=\"container\" data-e-type=\"container\" id=\"Workshop_Learn_The_Basics\">\n\t\t<div class=\"elementor-element elementor-element-203f22de e-con-full e-flex e-con e-child\" data-id=\"203f22de\" data-element_type=\"container\" data-e-type=\"container\" data-settings=\"{&quot;background_background&quot;:&quot;classic&quot;}\">\n\t\t\t\t<\/div>\n\t\t<div class=\"elementor-element elementor-element-921b405 e-con-full e-flex e-con e-child\" data-id=\"921b405\" data-element_type=\"container\" data-e-type=\"container\">\n\t\t\t\t<div class=\"elementor-element elementor-element-4f36d4 elementor-widget elementor-widget-heading\" data-id=\"4f36d4\" data-element_type=\"widget\" data-e-type=\"widget\" data-widget_type=\"heading.default\">\n\t\t\t\t<div class=\"elementor-widget-container\">\n\t\t\t\t\t<h2 class=\"elementor-heading-title elementor-size-default\">Osnovni paket<\/h2>\t\t\t\t<\/div>\n\t\t\t\t<\/div>\n\t\t\t\t<div class=\"elementor-element elementor-element-e19de2c elementor-widget elementor-widget-heading\" data-id=\"e19de2c\" data-element_type=\"widget\" data-e-type=\"widget\" data-widget_type=\"heading.default\">\n\t\t\t\t<div class=\"elementor-widget-container\">\n\t\t\t\t\t<h2 class=\"elementor-heading-title elementor-size-default\">Prikladan za urede, coworking prostore, javne ustanove<\/h2>\t\t\t\t<\/div>\n\t\t\t\t<\/div>\n\t\t\t\t<div class=\"elementor-element elementor-element-2fbd1f97 elementor-icon-list--layout-traditional elementor-list-item-link-full_width elementor-widget elementor-widget-icon-list\" data-id=\"2fbd1f97\" data-element_type=\"widget\" data-e-type=\"widget\" data-widget_type=\"icon-list.default\">\n\t\t\t\t<div class=\"elementor-widget-container\">\n\t\t\t\t\t\t\t<ul class=\"elementor-icon-list-items\">\n\t\t\t\t\t\t\t<li class=\"elementor-icon-list-item\">\n\t\t\t\t\t\t\t\t\t\t\t<span class=\"elementor-icon-list-icon\">\n\t\t\t\t\t\t\t<svg aria-hidden=\"true\" class=\"e-font-icon-svg e-fas-coffee\" viewBox=\"0 0 640 512\" xmlns=\"http:\/\/www.w3.org\/2000\/svg\"><path d=\"M192 384h192c53 0 96-43 96-96h32c70.6 0 128-57.4 128-128S582.6 32 512 32H120c-13.3 0-24 10.7-24 24v232c0 53 43 96 96 96zM512 96c35.3 0 64 28.7 64 64s-28.7 64-64 64h-32V96h32zm47.7 384H48.3c-47.6 0-61-64-36-64h583.3c25 0 11.8 64-35.9 64z\"><\/path><\/svg>\t\t\t\t\t\t<\/span>\n\t\t\t\t\t\t\t\t\t\t<span class=\"elementor-icon-list-text\">Samoposlu\u017eni aparat za kavu<\/span>\n\t\t\t\t\t\t\t\t\t<\/li>\n\t\t\t\t\t\t\t\t<li class=\"elementor-icon-list-item\">\n\t\t\t\t\t\t\t\t\t\t\t<span class=\"elementor-icon-list-icon\">\n\t\t\t\t\t\t\t<svg aria-hidden=\"true\" class=\"e-font-icon-svg e-fas-tools\" viewBox=\"0 0 512 512\" xmlns=\"http:\/\/www.w3.org\/2000\/svg\"><path d=\"M501.1 395.7L384 278.6c-23.1-23.1-57.6-27.6-85.4-13.9L192 158.1V96L64 0 0 64l96 128h62.1l106.6 106.6c-13.6 27.8-9.2 62.3 13.9 85.4l117.1 117.1c14.6 14.6 38.2 14.6 52.7 0l52.7-52.7c14.5-14.6 14.5-38.2 0-52.7zM331.7 225c28.3 0 54.9 11 74.9 31l19.4 19.4c15.8-6.9 30.8-16.5 43.8-29.5 37.1-37.1 49.7-89.3 37.9-136.7-2.2-9-13.5-12.1-20.1-5.5l-74.4 74.4-67.9-11.3L334 98.9l74.4-74.4c6.6-6.6 3.4-17.9-5.7-20.2-47.4-11.7-99.6.9-136.6 37.9-28.5 28.5-41.9 66.1-41.2 103.6l82.1 82.1c8.1-1.9 16.5-2.9 24.7-2.9zm-103.9 82l-56.7-56.7L18.7 402.8c-25 25-25 65.5 0 90.5s65.5 25 90.5 0l123.6-123.6c-7.6-19.9-9.9-41.6-5-62.7zM64 472c-13.2 0-24-10.8-24-24 0-13.3 10.7-24 24-24s24 10.7 24 24c0 13.2-10.7 24-24 24z\"><\/path><\/svg>\t\t\t\t\t\t<\/span>\n\t\t\t\t\t\t\t\t\t\t<span class=\"elementor-icon-list-text\">Odr\u017eavanje i servis<\/span>\n\t\t\t\t\t\t\t\t\t<\/li>\n\t\t\t\t\t\t<\/ul>\n\t\t\t\t\t\t<\/div>\n\t\t\t\t<\/div>\n\t\t\t\t<div class=\"elementor-element elementor-element-281a9e3d elementor-widget elementor-widget-text-editor\" data-id=\"281a9e3d\" data-element_type=\"widget\" data-e-type=\"widget\" data-widget_type=\"text-editor.default\">\n\t\t\t\t<div class=\"elementor-widget-container\">\n\t\t\t\t\t\t\t\t\t<p>Ovaj paket uklju\u010duje najam samoposlu\u017enog aparata za kavu s izborom kvalitetnih kava <strong>Covim<\/strong>, <strong>Supercrema<\/strong> ili <strong>Amigos<\/strong>. Uklju\u010deno je i redovito odr\u017eavanje i servis aparata, osiguravaju\u0107i besprijekoran rad. Paket je idealan za tvrtke koje \u017eele pru\u017eiti vrhunsku kavu svojim zaposlenicima ili posjetiteljima, uz minimalne tro\u0161kove.<\/p>\t\t\t\t\t\t\t\t<\/div>\n\t\t\t\t<\/div>\n\t\t\t\t<div class=\"elementor-element elementor-element-356753f0 elementor-invisible elementor-widget elementor-widget-button\" data-id=\"356753f0\" data-element_type=\"widget\" data-e-type=\"widget\" data-settings=\"{&quot;_animation&quot;:&quot;fadeInDown&quot;}\" data-widget_type=\"button.default\">\n\t\t\t\t<div class=\"elementor-widget-container\">\n\t\t\t\t\t\t\t\t\t<div class=\"elementor-button-wrapper\">\n\t\t\t\t\t<a class=\"elementor-button elementor-button-link elementor-size-sm\" href=\"https:\/\/lumatic.hr\/?page_id=15\">\n\t\t\t\t\t\t<span class=\"elementor-button-content-wrapper\">\n\t\t\t\t\t\t\t\t\t<span class=\"elementor-button-text\">Kontaktirajte nas<\/span>\n\t\t\t\t\t<\/span>\n\t\t\t\t\t<\/a>\n\t\t\t\t<\/div>\n\t\t\t\t\t\t\t\t<\/div>\n\t\t\t\t<\/div>\n\t\t\t\t<\/div>\n\t\t\t\t<\/div>\n\t\t<div class=\"elementor-element elementor-element-18a85702 e-con-full e-flex e-con e-parent\" data-id=\"18a85702\" data-element_type=\"container\" data-e-type=\"container\" id=\"Workshop_Master_The_Basics\">\n\t\t<div class=\"elementor-element elementor-element-5b5b71a7 e-con-full e-flex e-con e-child\" data-id=\"5b5b71a7\" data-element_type=\"container\" data-e-type=\"container\" data-settings=\"{&quot;background_background&quot;:&quot;classic&quot;}\">\n\t\t\t\t<\/div>\n\t\t<div class=\"elementor-element elementor-element-70a8063c e-con-full e-flex e-con e-child\" data-id=\"70a8063c\" data-element_type=\"container\" data-e-type=\"container\">\n\t\t\t\t<div class=\"elementor-element elementor-element-70107f3e elementor-widget elementor-widget-heading\" data-id=\"70107f3e\" data-element_type=\"widget\" data-e-type=\"widget\" data-widget_type=\"heading.default\">\n\t\t\t\t<div class=\"elementor-widget-container\">\n\t\t\t\t\t<h2 class=\"elementor-heading-title elementor-size-default\">Paket s grickalicama<\/h2>\t\t\t\t<\/div>\n\t\t\t\t<\/div>\n\t\t\t\t<div class=\"elementor-element elementor-element-c0ac906 elementor-widget elementor-widget-heading\" data-id=\"c0ac906\" data-element_type=\"widget\" data-e-type=\"widget\" data-widget_type=\"heading.default\">\n\t\t\t\t<div class=\"elementor-widget-container\">\n\t\t\t\t\t<h2 class=\"elementor-heading-title elementor-size-default\">Prikladan za velike tvrtke, bolnice<\/h2>\t\t\t\t<\/div>\n\t\t\t\t<\/div>\n\t\t\t\t<div class=\"elementor-element elementor-element-ff4b72a elementor-icon-list--layout-traditional elementor-list-item-link-full_width elementor-widget elementor-widget-icon-list\" data-id=\"ff4b72a\" data-element_type=\"widget\" data-e-type=\"widget\" data-widget_type=\"icon-list.default\">\n\t\t\t\t<div class=\"elementor-widget-container\">\n\t\t\t\t\t\t\t<ul class=\"elementor-icon-list-items\">\n\t\t\t\t\t\t\t<li class=\"elementor-icon-list-item\">\n\t\t\t\t\t\t\t\t\t\t\t<span class=\"elementor-icon-list-icon\">\n\t\t\t\t\t\t\t<svg aria-hidden=\"true\" class=\"e-font-icon-svg e-fas-coffee\" viewBox=\"0 0 640 512\" xmlns=\"http:\/\/www.w3.org\/2000\/svg\"><path d=\"M192 384h192c53 0 96-43 96-96h32c70.6 0 128-57.4 128-128S582.6 32 512 32H120c-13.3 0-24 10.7-24 24v232c0 53 43 96 96 96zM512 96c35.3 0 64 28.7 64 64s-28.7 64-64 64h-32V96h32zm47.7 384H48.3c-47.6 0-61-64-36-64h583.3c25 0 11.8 64-35.9 64z\"><\/path><\/svg>\t\t\t\t\t\t<\/span>\n\t\t\t\t\t\t\t\t\t\t<span class=\"elementor-icon-list-text\">Samoposlu\u017eni aparat za kavu<\/span>\n\t\t\t\t\t\t\t\t\t<\/li>\n\t\t\t\t\t\t\t\t<li class=\"elementor-icon-list-item\">\n\t\t\t\t\t\t\t\t\t\t\t<span class=\"elementor-icon-list-icon\">\n\t\t\t\t\t\t\t<svg aria-hidden=\"true\" class=\"e-font-icon-svg e-fas-cookie-bite\" viewBox=\"0 0 512 512\" xmlns=\"http:\/\/www.w3.org\/2000\/svg\"><path d=\"M510.52 255.82c-69.97-.85-126.47-57.69-126.47-127.86-70.17 0-127-56.49-127.86-126.45-27.26-4.14-55.13.3-79.72 12.82l-69.13 35.22a132.221 132.221 0 0 0-57.79 57.81l-35.1 68.88a132.645 132.645 0 0 0-12.82 80.95l12.08 76.27a132.521 132.521 0 0 0 37.16 72.96l54.77 54.76a132.036 132.036 0 0 0 72.71 37.06l76.71 12.15c27.51 4.36 55.7-.11 80.53-12.76l69.13-35.21a132.273 132.273 0 0 0 57.79-57.81l35.1-68.88c12.56-24.64 17.01-52.58 12.91-79.91zM176 368c-17.67 0-32-14.33-32-32s14.33-32 32-32 32 14.33 32 32-14.33 32-32 32zm32-160c-17.67 0-32-14.33-32-32s14.33-32 32-32 32 14.33 32 32-14.33 32-32 32zm160 128c-17.67 0-32-14.33-32-32s14.33-32 32-32 32 14.33 32 32-14.33 32-32 32z\"><\/path><\/svg>\t\t\t\t\t\t<\/span>\n\t\t\t\t\t\t\t\t\t\t<span class=\"elementor-icon-list-text\">Samoposlu\u017eni aparat za grickalice<\/span>\n\t\t\t\t\t\t\t\t\t<\/li>\n\t\t\t\t\t\t\t\t<li class=\"elementor-icon-list-item\">\n\t\t\t\t\t\t\t\t\t\t\t<span class=\"elementor-icon-list-icon\">\n\t\t\t\t\t\t\t<svg aria-hidden=\"true\" class=\"e-font-icon-svg e-fas-tools\" viewBox=\"0 0 512 512\" xmlns=\"http:\/\/www.w3.org\/2000\/svg\"><path d=\"M501.1 395.7L384 278.6c-23.1-23.1-57.6-27.6-85.4-13.9L192 158.1V96L64 0 0 64l96 128h62.1l106.6 106.6c-13.6 27.8-9.2 62.3 13.9 85.4l117.1 117.1c14.6 14.6 38.2 14.6 52.7 0l52.7-52.7c14.5-14.6 14.5-38.2 0-52.7zM331.7 225c28.3 0 54.9 11 74.9 31l19.4 19.4c15.8-6.9 30.8-16.5 43.8-29.5 37.1-37.1 49.7-89.3 37.9-136.7-2.2-9-13.5-12.1-20.1-5.5l-74.4 74.4-67.9-11.3L334 98.9l74.4-74.4c6.6-6.6 3.4-17.9-5.7-20.2-47.4-11.7-99.6.9-136.6 37.9-28.5 28.5-41.9 66.1-41.2 103.6l82.1 82.1c8.1-1.9 16.5-2.9 24.7-2.9zm-103.9 82l-56.7-56.7L18.7 402.8c-25 25-25 65.5 0 90.5s65.5 25 90.5 0l123.6-123.6c-7.6-19.9-9.9-41.6-5-62.7zM64 472c-13.2 0-24-10.8-24-24 0-13.3 10.7-24 24-24s24 10.7 24 24c0 13.2-10.7 24-24 24z\"><\/path><\/svg>\t\t\t\t\t\t<\/span>\n\t\t\t\t\t\t\t\t\t\t<span class=\"elementor-icon-list-text\">Odr\u017eavanje i servis<\/span>\n\t\t\t\t\t\t\t\t\t<\/li>\n\t\t\t\t\t\t<\/ul>\n\t\t\t\t\t\t<\/div>\n\t\t\t\t<\/div>\n\t\t\t\t<div class=\"elementor-element elementor-element-12157182 elementor-widget elementor-widget-text-editor\" data-id=\"12157182\" data-element_type=\"widget\" data-e-type=\"widget\" data-widget_type=\"text-editor.default\">\n\t\t\t\t<div class=\"elementor-widget-container\">\n\t\t\t\t\t\t\t\t\t<p>Paket s grickalicama uklju\u010duje sve iz osnovnog paketa, uz dodatak raznovrsnih snackova i pi\u0107a. Osim popularnih kava <strong>Covim<\/strong>, <strong>Supercrema<\/strong> i <strong>Amigos<\/strong>, ovaj paket nudi i osnovnu ponudu grickalica kao \u0161to su <strong>Tuc<\/strong>, <strong>7 Days<\/strong>, <strong>\u010dokoladice<\/strong>, <strong>Cedevita<\/strong>, <strong>Corny<\/strong> te zdrave opcije poput energetski bogatih plo\u010dica, ora\u0161astih plodova i suhog vo\u0107a. Uz redovito odr\u017eavanje i servis, ovaj paket pru\u017ea sveobuhvatan u\u017eitak za va\u0161e zaposlene i posjetitelje.<\/p>\t\t\t\t\t\t\t\t<\/div>\n\t\t\t\t<\/div>\n\t\t\t\t<div class=\"elementor-element elementor-element-2def96c8 elementor-invisible elementor-widget elementor-widget-button\" data-id=\"2def96c8\" data-element_type=\"widget\" data-e-type=\"widget\" data-settings=\"{&quot;_animation&quot;:&quot;fadeInDown&quot;}\" data-widget_type=\"button.default\">\n\t\t\t\t<div class=\"elementor-widget-container\">\n\t\t\t\t\t\t\t\t\t<div class=\"elementor-button-wrapper\">\n\t\t\t\t\t<a class=\"elementor-button elementor-button-link elementor-size-sm\" href=\"https:\/\/lumatic.hr\/?page_id=15\">\n\t\t\t\t\t\t<span class=\"elementor-button-content-wrapper\">\n\t\t\t\t\t\t\t\t\t<span class=\"elementor-button-text\">Kontaktirajte nas<\/span>\n\t\t\t\t\t<\/span>\n\t\t\t\t\t<\/a>\n\t\t\t\t<\/div>\n\t\t\t\t\t\t\t\t<\/div>\n\t\t\t\t<\/div>\n\t\t\t\t<\/div>\n\t\t\t\t<\/div>\n\t\t\t\t<\/div>\n\t\t","protected":false},"excerpt":{"rendered":"<p>Najam, servis i odr\u017eavanje samoposlu\u017enih aparata U LUMaticu nudimo kompletnu uslugu najma, odr\u017eavanja i servisa samoposlu\u017enih aparata za kavu, zajedno sa \u0161irokom ponudom zdravih snackova, klasi\u010dnih grickalica i slatkih zalogaja. Bez obzira na to jeste li mali poduzetnik, velika tvrtka ili menad\u017eer poslovnog centra s velikom fluktuacijom ljudi, nudimo fleksibilne opcije najma koje se prilago\u0111avaju [&hellip;]<\/p>\n","protected":false},"author":1,"featured_media":0,"parent":0,"menu_order":0,"comment_status":"closed","ping_status":"closed","template":"elementor_header_footer","meta":{"footnotes":""},"class_list":["post-33","page","type-page","status-publish","hentry"],"yoast_head":"<!-- This site is optimized with the Yoast SEO plugin v27.3 - https:\/\/yoast.com\/product\/yoast-seo-wordpress\/ -->\n<title>Ponuda &amp; Usluge - LUmatic<\/title>\n<meta name=\"description\" content=\"Ponuda fleksibilnih najmova \u2013 prilago\u0111ena rje\u0161enja za va\u0161 prostor uz vrhunske samoposlu\u017ene aparate u Zadru za tople napitke, kavu i snackove.\" \/>\n<meta name=\"robots\" content=\"index, follow, max-snippet:-1, max-image-preview:large, max-video-preview:-1\" \/>\n<link rel=\"canonical\" href=\"https:\/\/lumatic.hr\/?page_id=33\" \/>\n<meta property=\"og:locale\" content=\"en_US\" \/>\n<meta property=\"og:type\" content=\"article\" \/>\n<meta property=\"og:title\" content=\"Ponuda &amp; Usluge - LUmatic\" \/>\n<meta property=\"og:description\" content=\"Ponuda fleksibilnih najmova \u2013 prilago\u0111ena rje\u0161enja za va\u0161 prostor uz vrhunske samoposlu\u017ene aparate u Zadru za tople napitke, kavu i snackove.\" \/>\n<meta property=\"og:url\" content=\"https:\/\/lumatic.hr\/?page_id=33\" \/>\n<meta property=\"og:site_name\" content=\"LUmatic\" \/>\n<meta property=\"article:modified_time\" content=\"2025-10-31T07:59:35+00:00\" \/>\n<meta name=\"twitter:card\" content=\"summary_large_image\" \/>\n<meta name=\"twitter:label1\" content=\"Est. reading time\" \/>\n\t<meta name=\"twitter:data1\" content=\"1 minute\" \/>\n<script type=\"application\/ld+json\" class=\"yoast-schema-graph\">{\"@context\":\"https:\\\/\\\/schema.org\",\"@graph\":[{\"@type\":\"WebPage\",\"@id\":\"https:\\\/\\\/lumatic.hr\\\/?page_id=33\",\"url\":\"https:\\\/\\\/lumatic.hr\\\/?page_id=33\",\"name\":\"Ponuda &amp; Usluge - LUmatic\",\"isPartOf\":{\"@id\":\"https:\\\/\\\/lumatic.hr\\\/#website\"},\"datePublished\":\"2024-12-05T15:34:30+00:00\",\"dateModified\":\"2025-10-31T07:59:35+00:00\",\"description\":\"Ponuda fleksibilnih najmova \u2013 prilago\u0111ena rje\u0161enja za va\u0161 prostor uz vrhunske samoposlu\u017ene aparate u Zadru za tople napitke, kavu i snackove.\",\"breadcrumb\":{\"@id\":\"https:\\\/\\\/lumatic.hr\\\/?page_id=33#breadcrumb\"},\"inLanguage\":\"en-US\",\"potentialAction\":[{\"@type\":\"ReadAction\",\"target\":[\"https:\\\/\\\/lumatic.hr\\\/?page_id=33\"]}]},{\"@type\":\"BreadcrumbList\",\"@id\":\"https:\\\/\\\/lumatic.hr\\\/?page_id=33#breadcrumb\",\"itemListElement\":[{\"@type\":\"ListItem\",\"position\":1,\"name\":\"Home\",\"item\":\"https:\\\/\\\/lumatic.hr\\\/\"},{\"@type\":\"ListItem\",\"position\":2,\"name\":\"Ponuda &amp; Usluge\"}]},{\"@type\":\"WebSite\",\"@id\":\"https:\\\/\\\/lumatic.hr\\\/#website\",\"url\":\"https:\\\/\\\/lumatic.hr\\\/\",\"name\":\"LUMatic\",\"description\":\"Od 2016. godine pru\u017eamo usluge najma, odr\u017eavanja i servisa aparata za kavu na podru\u010dju Zadra i \u0161ire okolice.\",\"publisher\":{\"@id\":\"https:\\\/\\\/lumatic.hr\\\/#organization\"},\"potentialAction\":[{\"@type\":\"SearchAction\",\"target\":{\"@type\":\"EntryPoint\",\"urlTemplate\":\"https:\\\/\\\/lumatic.hr\\\/?s={search_term_string}\"},\"query-input\":{\"@type\":\"PropertyValueSpecification\",\"valueRequired\":true,\"valueName\":\"search_term_string\"}}],\"inLanguage\":\"en-US\"},{\"@type\":\"Organization\",\"@id\":\"https:\\\/\\\/lumatic.hr\\\/#organization\",\"name\":\"LUMatic\",\"url\":\"https:\\\/\\\/lumatic.hr\\\/\",\"logo\":{\"@type\":\"ImageObject\",\"inLanguage\":\"en-US\",\"@id\":\"https:\\\/\\\/lumatic.hr\\\/#\\\/schema\\\/logo\\\/image\\\/\",\"url\":\"https:\\\/\\\/lumatic.hr\\\/wp-content\\\/uploads\\\/2024\\\/12\\\/lumatic_logo.png\",\"contentUrl\":\"https:\\\/\\\/lumatic.hr\\\/wp-content\\\/uploads\\\/2024\\\/12\\\/lumatic_logo.png\",\"width\":500,\"height\":500,\"caption\":\"LUMatic\"},\"image\":{\"@id\":\"https:\\\/\\\/lumatic.hr\\\/#\\\/schema\\\/logo\\\/image\\\/\"},\"sameAs\":[\"https:\\\/\\\/www.instagram.com\\\/lumaticzadar\\\/?utm_source=ig_web_button_share_sheet\"]}]}<\/script>\n<!-- \/ Yoast SEO plugin. -->","yoast_head_json":{"title":"Ponuda &amp; Usluge - LUmatic","description":"Ponuda fleksibilnih najmova \u2013 prilago\u0111ena rje\u0161enja za va\u0161 prostor uz vrhunske samoposlu\u017ene aparate u Zadru za tople napitke, kavu i snackove.","robots":{"index":"index","follow":"follow","max-snippet":"max-snippet:-1","max-image-preview":"max-image-preview:large","max-video-preview":"max-video-preview:-1"},"canonical":"https:\/\/lumatic.hr\/?page_id=33","og_locale":"en_US","og_type":"article","og_title":"Ponuda &amp; Usluge - LUmatic","og_description":"Ponuda fleksibilnih najmova \u2013 prilago\u0111ena rje\u0161enja za va\u0161 prostor uz vrhunske samoposlu\u017ene aparate u Zadru za tople napitke, kavu i snackove.","og_url":"https:\/\/lumatic.hr\/?page_id=33","og_site_name":"LUmatic","article_modified_time":"2025-10-31T07:59:35+00:00","twitter_card":"summary_large_image","twitter_misc":{"Est. reading time":"1 minute"},"schema":{"@context":"https:\/\/schema.org","@graph":[{"@type":"WebPage","@id":"https:\/\/lumatic.hr\/?page_id=33","url":"https:\/\/lumatic.hr\/?page_id=33","name":"Ponuda &amp; Usluge - LUmatic","isPartOf":{"@id":"https:\/\/lumatic.hr\/#website"},"datePublished":"2024-12-05T15:34:30+00:00","dateModified":"2025-10-31T07:59:35+00:00","description":"Ponuda fleksibilnih najmova \u2013 prilago\u0111ena rje\u0161enja za va\u0161 prostor uz vrhunske samoposlu\u017ene aparate u Zadru za tople napitke, kavu i snackove.","breadcrumb":{"@id":"https:\/\/lumatic.hr\/?page_id=33#breadcrumb"},"inLanguage":"en-US","potentialAction":[{"@type":"ReadAction","target":["https:\/\/lumatic.hr\/?page_id=33"]}]},{"@type":"BreadcrumbList","@id":"https:\/\/lumatic.hr\/?page_id=33#breadcrumb","itemListElement":[{"@type":"ListItem","position":1,"name":"Home","item":"https:\/\/lumatic.hr\/"},{"@type":"ListItem","position":2,"name":"Ponuda &amp; Usluge"}]},{"@type":"WebSite","@id":"https:\/\/lumatic.hr\/#website","url":"https:\/\/lumatic.hr\/","name":"LUMatic","description":"Od 2016. godine pru\u017eamo usluge najma, odr\u017eavanja i servisa aparata za kavu na podru\u010dju Zadra i \u0161ire okolice.","publisher":{"@id":"https:\/\/lumatic.hr\/#organization"},"potentialAction":[{"@type":"SearchAction","target":{"@type":"EntryPoint","urlTemplate":"https:\/\/lumatic.hr\/?s={search_term_string}"},"query-input":{"@type":"PropertyValueSpecification","valueRequired":true,"valueName":"search_term_string"}}],"inLanguage":"en-US"},{"@type":"Organization","@id":"https:\/\/lumatic.hr\/#organization","name":"LUMatic","url":"https:\/\/lumatic.hr\/","logo":{"@type":"ImageObject","inLanguage":"en-US","@id":"https:\/\/lumatic.hr\/#\/schema\/logo\/image\/","url":"https:\/\/lumatic.hr\/wp-content\/uploads\/2024\/12\/lumatic_logo.png","contentUrl":"https:\/\/lumatic.hr\/wp-content\/uploads\/2024\/12\/lumatic_logo.png","width":500,"height":500,"caption":"LUMatic"},"image":{"@id":"https:\/\/lumatic.hr\/#\/schema\/logo\/image\/"},"sameAs":["https:\/\/www.instagram.com\/lumaticzadar\/?utm_source=ig_web_button_share_sheet"]}]}},"_links":{"self":[{"href":"https:\/\/lumatic.hr\/index.php?rest_route=\/wp\/v2\/pages\/33","targetHints":{"allow":["GET"]}}],"collection":[{"href":"https:\/\/lumatic.hr\/index.php?rest_route=\/wp\/v2\/pages"}],"about":[{"href":"https:\/\/lumatic.hr\/index.php?rest_route=\/wp\/v2\/types\/page"}],"author":[{"embeddable":true,"href":"https:\/\/lumatic.hr\/index.php?rest_route=\/wp\/v2\/users\/1"}],"replies":[{"embeddable":true,"href":"https:\/\/lumatic.hr\/index.php?rest_route=%2Fwp%2Fv2%2Fcomments&post=33"}],"version-history":[{"count":48,"href":"https:\/\/lumatic.hr\/index.php?rest_route=\/wp\/v2\/pages\/33\/revisions"}],"predecessor-version":[{"id":844,"href":"https:\/\/lumatic.hr\/index.php?rest_route=\/wp\/v2\/pages\/33\/revisions\/844"}],"wp:attachment":[{"href":"https:\/\/lumatic.hr\/index.php?rest_route=%2Fwp%2Fv2%2Fmedia&parent=33"}],"curies":[{"name":"wp","href":"https:\/\/api.w.org\/{rel}","templated":true}]}}